 the highest common divisor of 169659 and 441.
63
What is the greatest common divisor of 152 and 1391503?
19
Calculate the greatest common divisor of 5400 and 2840.
40
What is the greatest common divisor of 350765 and 146?
73
Calculate the highest common divisor of 1371 and 66.
3
What is the highest common factor of 2545 and 25?
5
What is the highest common divisor of 72 and 49992?
24
What is the greatest common factor of 1278 and 793922?
142
Calculate the highest common factor of 11263 and 21.
7
What is the greatest common divisor of 36 and 58084?
4
What is the highest common divisor of 16765 and 35?
35
Calculate the greatest common factor of 736 and 10.
2
Calculate the highest common factor of 380 and 47025.
95
What is the highest common factor of 508767 and 42?
21
Calculate the greatest common divisor of 6 and 124108.
2
What is the highest common factor of 450 and 19850?
50
Calculate the highest common divisor of 257 and 11.
1
Calculate the highest common factor of 26145 and 3465.
315
What is the highest common divisor of 19138 and 210?
14
Calculate the greatest common divisor of 10045676 and 73.
73
What is the highest common factor of 3612 and 336?
84
Calculate the highest common factor of 9010 and 1060.
530
Calculate the highest common divisor of 766916 and 76.
76
What is the greatest common factor of 110 and 1010?
10
Calculate the highest common divisor of 149 and 61686.
149
Calculate the highest common divisor of 856 and 2868242.
214
What is the greatest common factor of 64 and 78288?
16
Calculate the greatest common factor of 54258 and 18.
6
What is the highest common divisor of 1912 and 1640974?
478
Calculate the greatest common divisor of 7900 and 2844.
316
What is the highest common divisor of 79325 and 475?
475
What is the highest common divisor of 5594 and 4?
2
Calculate the greatest common factor of 27720 and 41720.
280
Calculate the greatest common factor of 240 and 1130.
10
What is the greatest common divisor of 197406 and 54?
18
Calculate the greatest common divisor of 184984 and 1520.
152
What is the greatest common divisor of 3753 and 4309?
139
What is the greatest common divisor of 570 and 542450?
190
Calculate the greatest common divisor of 72 and 10737.
9
What is the highest common factor of 14716 and 52?
52
Calculate the greatest common factor of 1822834 and 1014.
338
Calculate the highest common divisor of 14835 and 5160.
645
Calculate the highest common divisor of 160 and 206240.
160
Calculate the greatest common divisor of 8804 and 868.
124
Calculate the greatest common divisor of 2907 and 43947.
171
Calculate the greatest common factor of 78568 and 1127.
161
What is the highest common divisor of 816 and 1536?
48
Calculate the highest common divisor of 99695 and 254.
127
Calculate the highest common factor of 18568 and 528.
88
Calculate the highest common divisor of 420150 and 150.
150
What is the greatest common factor of 786656 and 832?
416
Calculate the highest common divisor of 25 and 56085.
5
Calculate the greatest common factor of 2373 and 596414.
791
Calculate the highest common factor of 376 and 4841.
47
Calculate the greatest common divisor of 10505 and 3564.
11
Calculate the greatest common divisor of 420 and 72905.
35
What is the greatest common factor of 2 and 3233?
1
What is the greatest common divisor of 352 and 10528?
32
What is the greatest common divisor of 5076 and 33276?
564
Calculate the greatest common divisor of 621 and 9200.
23
Calculate the highest common factor of 210331 and 77.
11
What is the greatest common factor of 1665 and 273393?
333
Calculate the highest common divisor of 2553 and 10488.
69
Calculate the highest common factor of 48456 and 72.
72
What is the highest common factor of 13468 and 676?
52
Calculate the highest common divisor of 3 and 1100643.
3
What is the highest common factor of 31608 and 15?
3
Calculate the greatest common factor of 13 and 324857.
13
Calculate the greatest common divisor of 205547 and 697.
17
What is the greatest common divisor of 1287514 and 2?
2
What is the greatest common factor of 751869 and 18?
9
What is the highest common divisor of 2026 and 1437447?
1013
What is the highest common factor of 206405 and 10?
5
What is the greatest common divisor of 956 and 72?
4
What is the highest common divisor of 67100 and 880?
220
What is the greatest common divisor of 8 and 17262?
2
Calculate the greatest common divisor of 15903 and 1085.
31
What is the highest common divisor of 112 and 99218?
14
What is the greatest common divisor of 10102489 and 53?
53
Calculate the greatest common factor of 24 and 159756.
12
Calculate the greatest common divisor of 1032479 and 209.
19
What is the greatest common divisor of 165288 and 3783?
291
Calculate the highest common divisor of 92442 and 336.
42
Calculate the highest common divisor of 35 and 85295.
35
Calculate the highest common factor of 1024765 and 28.
7
What is the greatest common factor of 2500 and 164?
4
What is the highest common factor of 58 and 1495414?
58
Calculate the greatest common factor of 6 and 55206.
6
What is the highest common factor of 495 and 79761?
33
Calculate the greatest common divisor of 22 and 173096.
22
Calculate the highest common factor of 100 and 136.
4
What is the highest common divisor of 1431 and 1961?
53
What is the highest common factor of 49247 and 407?
407
What is the greatest common divisor of 48 and 2905296?
48
Calculate the greatest common factor of 4828 and 7526.
142
Calculate the highest common divisor of 5446 and 63.
7
Calculate the highest common divisor of 63 and 172107.
9
What is the highest common factor of 10 and 40070?
10
Calculate the greatest common factor of 30 and 38895.
15
What is the greatest common factor of 294839 and 53?
53
What is the highest common factor of 8526 and 3136?
98
What is the highest common factor of 9637 and 23?
23
What is the greatest common divisor of 5546788 and 52?
52
Calculate the greatest common factor of 45 and 19015.
5
Calculate the greatest common factor of 25265 and 12225.
815
Calculate the highest common factor of 932075 and 1150.
575
Calculate the greatest common factor of 684068 and 616.
308
Calculate the highest common factor of 490 and 8785.
35
What is the greatest common factor of 854944 and 128?
32
Calculate the greatest common factor of 473 and 958771.
473
Calculate the highest common factor of 2068 and 1314214.
1034
What is the greatest common factor of 4007305 and 5?
5
Calculate the greatest common divisor of 5282848 and 32.
32
What is the highest common factor of 47 and 6000?
1
What is the greatest common divisor of 54 and 55782?
54
Calculate the greatest common divisor of 1376 and 33712.
688
Calculate the highest common factor of 12937 and 163615.
761
Calculate the highest common divisor of 9750 and 240.
30
What is the greatest common divisor of 11628 and 1368?
684
What is the highest common divisor of 17 and 14064542?
17
Calculate the highest common divisor of 956979 and 9.
9
What is the highest common divisor of 115 and 3703?
23
What is the greatest common divisor of 115938 and 261?
9
Calculate the highest common factor of 4777 and 35687.
281
What is the greatest common factor of 4033 and 1073?
37
What is the highest common factor of 6566 and 6834?
134
Calculate the highest common divisor of 1963 and 1697089.
151
Calculate the greatest common divisor of 2188416 and 11120.
2224
What is the greatest common divisor of 304 and 11408?
16
What is the greatest common factor of 127 and 254381?
127
Calculate the highest common divisor of 130378 and 20.
2
Calculate the highest common factor of 426769 and 1148.
287
Calculate the highest common factor of 20590 and 22720.
710
What is the greatest common divisor of 178704 and 85?
17
Calculate the greatest common divisor of 77097 and 2883.
93
Calculate the highest common factor of 469644 and 140.
28
What is the highest common divisor of 1312 and 32226?
82
Calculate the highest common factor of 524 and 5572871.
131
Calculate the highest common factor of 14269 and 143441.
751
What is the greatest common divisor of 760 and 151?
1
What is the greatest common factor of 5645 and 30?
5
Calculate the greatest common factor of 186261 and 3102.
141
Calculate the greatest common factor of 5941 and